(-129) - 0). Let m = n + b. Is m a prime number?
False
Suppose -t - t = -334. Is t composite?
False
Is (-6 - (-12)/(1 - -3)) + 88 a composite number?
True
Suppose -k = -4*g + g + 35, -2*k = -3*g + 34. Let v = g + -5. Is v prime?
True
Let l(j) = -j**2 + 2*j + 5. Let v be l(4). Suppose 9 = -5*n - o, 3*o = -2 - 10. Is ((-1)/v)/(n/(-75)) composite?
True
Let j be (0 - 0) + -1 + 1. Suppose 7*o - 3*o - 16 = j. Suppose 2*w = 4*p - 0*p - 1018, o*p - 1013 = 3*w. Is p a prime number?
True
Let q be -1 + ((-24)/(-1))/(-3). Let a = q + 32. Is a a prime number?
True
Let x = 450 + -157. Is x composite?
False
Let f(i) = 55*i - 20. Let y(r) = r - 1. Let m(s) = -f(s) + 20*y(s). Is m(-1) composite?
True
Let v be ((-1)/(-1) - 7)*1. Let o(q) = q**3 + 7*q**2 - 8*q - 5. Is o(v) a composite number?
False
Let q = 269 - 82. Is q prime?
False
Let c = -10 + 24. Is c prime?
False
Let x(b) = 42*b**2 + 3*b + 1. Let p be x(-5). Suppose 2*l + p = 6*l. Is l a composite number?
True
Suppose 0 = 4*p - 12 - 16. Let m(x) = 3*x + 25. Let o(d) = -d - 8. Let v(r) = -2*m(r) - 7*o(r). Is v(p) composite?
False
Suppose -3 = -3*j + 3. Suppose -6*x = 5*h - 2*x - 189, 0 = -j*h + 4*x + 70. Is h a prime number?
True
Suppose -v + 41 + 54 = 0. Let u = 229 - v. Is u a composite number?
True
Let d(y) = 206*y**2 - 2*y + 5. Is d(-6) a composite number?
False
Suppose 4*r = 2*c + 25614, r + c = 3565 + 2846. Is r a composite number?
True
Let o be (-2)/(-3) - (-1180)/(-15). Is -3 + o/(9/(-3)) prime?
True
Let v(c) = -c**3 + 7. Let b be v(0). Suppose b*n - 4*n = 15. Is n/(-15) - 70/(-3) prime?
True
Let f(l) = l + 9. Let r be f(-7). Suppose -4*x - r*v + 647 = -3*v, x - 155 = -2*v. Is x prime?
False
Let h(v) = -v**3 - 7*v**2 - 8*v - 2. Let l(m) = m. Let g be l(-6). Is h(g) a composite number?
True
Let i(g) = 52*g**2 - 1. Let b be i(1). Suppose w = 3*j - 40 - 5, -3*j + b = -3*w. Suppose -5*u = 2*l + 6, 2*l + 2*u - 7*u = j. Is l a prime number?
True
Is -4 + 4/(8/162) a composite number?
True
Let g(k) = k**2 + k + 11. Is g(-13) a prime number?
True
Suppose 0 = -4*h - 0 + 8. Suppose h*m - 238 = -4*z, 0*m - 5 = -5*m. Is z a prime number?
True
Let o be 2/(-14) - 53120/70. Is o/(-2) + 54/36 a prime number?
False
Let d(a) = a**2 - 1. Let j = 7 - 5. Let s be d(j). Suppose 4*q = -5*w + 283, s*q = 4 + 2. Is w composite?
True
Let v = -48 + 23. Let r = 107 + v. Is r prime?
False
Suppose o = 2*o - 5*s - 4085, 20537 = 5*o + 3*s. Is o a composite number?
True
Let s(k) = -55*k. Let a = -5 + 4. Is s(a) prime?
False
Suppose -4 = 5*a + 16. Is ((-10)/a)/(4/152) composite?
True
Let t be 14 + 1*(1 - 3). Is 261/t + (-2)/(-8) prime?
False
Suppose -4*z + 5*p = 17 + 46, -69 = 5*z - 3*p. Let r be (-1977)/z + (-2)/(-8). Suppose 3*x + r = 8*x. Is x prime?
False
Suppose 0 = -3*s + 2*h + 230, -4*s + 2*h - 90 = -5*s. Suppose -5*i - 3*r + s = 0, -58 = 2*i - 4*i + 4*r. Is i a prime number?
True
Let p(i) = i + 12. Let t be p(-9). Is t/(48/(-4))*-1228 a prime number?
True
Let q = -1028 - -1897. Is q composite?
True
Suppose 5*w - 4*o + 26 - 10 = 0, -3*o = -w - 12. Let m = w - 0. Suppose -5*j + 29 + 41 = m. Is j composite?
True
Let y(b) = -2*b**2 + 11*b - 4. Let j(u) = 2*u**2 - 10*u + 3. Let w(h) = 5*j(h) + 4*y(h). Suppose 5*f = 3*m + 30, -m - 45 = -5*f - 15. Is w(f) composite?
True
Suppose s - 3 - 11 = 0. Suppose -2*y + s - 2 = 0. Is y prime?
False
Let f(l) = 4*l + 3. Let v(s) = -3*s - 2. Let h(n) = -2*f(n) - 3*v(n). Let m be h(5). Suppose -3*d = -m*i + 185, -3*d = -i - 0*d + 49. Is i a composite number?
True
Is 1/(-3*4/(-444)) a prime number?
True
Suppose -3*f = -0*f - 12. Suppose 162 = 4*l + 3*c, f*l - 2*c - 158 = -3*c. Is l composite?
True
Let k = 4152 - 2375. Is k composite?
False
Suppose 2*i = -10 - 2. Let t(g) = -7 + 7*g - 6*g - 17*g. Is t(i) a prime number?
True
Let l(a) = 262*a**2 + a + 3. Suppose -6*b + b = 10. Is l(b) a prime number?
True
Let o(l) = -17*l + 1. Let m = -3 + 1. Is o(m) a prime number?
False
Let t(d) = d**3 + 5*d**2 - 5*d - 5. Let h be t(-5). Is (-2)/5 - (-4468)/h prime?
True
Let i be (-4)/6*(-447)/(-2). Let l = i + 350. Is l composite?
True
Suppose 1 = l - 3. Let o(y) = 4*y + 10*y**2 - y**2 + y**3 - l + 2*y + 9. Is o(-8) a composite number?
True
Let l be (1/1)/(2/6). Let m(u) = u**3 + 3*u**2 - 2*u - 10. Let h be m(-5). Let o = l - h. Is o prime?
True
Let f = 17 - -8. Is f a composite number?
True
Is ((-8)/(-12))/(4/1218) composite?
True
Let a = -801 + 1286. Is a prime?
False
Let j(w) be the first derivative of 149*w**4/4 - w**3/3 + w**2/2 + 1. Is j(1) a prime number?
True
Suppose -4*o - o = -5*l - 1290, -516 = -2*o + 4*l. Suppose 3*d + 3*x = -o, 4*x - 3*x - 5 = 0. Let p = 220 + d. Is p prime?
False
Is 114 + 2*4/8 composite?
True
Let v(a) = 11*a**3 + 3*a**2 + 6*a - 3. Let b(u) = 4*u**3 + u**2 + 2*u - 1. Let n = -7 - -9. Let i(c) = n*v(c) - 7*b(c). Is i(-2) a composite number?
True
Let v(b) = 23*b - 2. Let k(h) = -5 + h - 3*h - 4. Let c be k(-6). Is v(c) a composite number?
False
Let u = 393 + -54. Is u prime?
False
Suppose 3*p - 229 = -70. Is p a composite number?
False
Let g = -7 - -12. Suppose -420 = -g*c + 5*r, 0 = -c - 3*r - 2*r + 78. Is c a composite number?
False
Suppose 0*h = 3*h + 17037. Is h/6*(-4)/6 a composite number?
False
Suppose -416 = -3*n + 82. Is n a prime number?
False
Let n(k) = 13*k + 18. Is n(16) a composite number?
True
Let h = 42 - 15. Suppose x - 25 = 4*r - 88, -2*r = x - h. Is r prime?
False
Let d(k) = 3*k**3 - 3*k**2 + k - 4*k**3 + 0*k**2 - 3. Let n be d(-3). Let v(u) = -14*u - 1. Is v(n) a prime number?
True
Let x = -59 - -122. Suppose 2*y = 5*y - x. Is y prime?
False
Let n = -123 - -279. Let l = n - 77. Is l prime?
True
Is 2 - (-8)/(-3) - (-2429)/3 prime?
True
Let l(h) = -h**3 + 8*h**2 + 7*h - 4. Is l(7) a prime number?
False
Let z(j) = j**3 + 9*j**2 + j + 11. Let u be z(-9). Let m be (-1 - -7)/(u/14). Suppose 4*a - 84 = 4*t, -2*a - 2*t + m = 2*t. Is a a prime number?
False
Let t = 6 + -11. Let j = 0 - t. Suppose j*d + 128 = 393. Is d a prime number?
True
Let m = 290 + -206. Let j = m + -49. Is j composite?
True
Suppose 3*q + 4*o + 44 = 0, -26 = 3*q + 5*o + 20. Let y = 31 + q. Is y composite?
False
Let o be (-3)/1*2/6. Let i = 9 + o. Is 0 - (i + -1)*-7 composite?
True
Let y(d) = -d + 8. Let p be y(8). Suppose p*g + 339 = 3*g. Is g prime?
True
Let p be 2/(-4)*-10*1. Suppose 0 = 2*h - 0*h - o, -p*h + 14 = o. Suppose -h*a = -21 - 41. Is a a prime number?
True
Let q(w) = w**2 - 9*w - 3. Let l be q(9). Is -2*-26*l/(-12) a prime number?
True
Let a = 652 - 345. Is a a prime number?
True
Let x(l) = 1 + 3 + 3 + 0 - 49*l. Is x(-10) a composite number?
True
Let f be ((-3)/(-4))/((-6)/(-696)). Let g = 118 + f. Is g a prime number?
False
Is ((-398)/4)/(2/(-4)) composite?
False
Suppose 3*h - 149 = -d + 2*d, 4*d = 3*h - 155. Let l = h - 23. Is l composite?
True
Suppose 198 + 1454 = 4*j. Is j composite?
True
Let k be (-1)/2 - 29/2. Let c(v) = v**2 + 2*v + 1. Let h be c(-6). Let f = h + k. Is f composite?
True
Suppose -5*p = 3*v - 5524, 4*v - 5527 = 2*p - 7*p. Is p prime?
True
Is -6*(1/(-5))/((-16)/(-40)) composite?
False
Suppose -5*b = 2*h - 74 - 222, -4*b - 278 = -2*h. Is h prime?
False
Let b be ((-3)/2)/((-1)/2). Suppose g = -1, -b*r - 4*g - 29 = -88. Is r composite?
True
Let h = 4 - 2. Let k be ((-2 - h) + -2)*1. Let r = k - -25. Is r composite?
False
Let s(a) = -60*a - 5. Is s(-5) a prime number?
False
Let w(t) = -t**2 + 5*t - 1. Let a be w(3). Suppose -3*k = -2*c - 2*c - 152, 5*k - a*c - 245 = 0. Let s = k + -23. Is s composite?
True
Let q = -682 + 1535. Is q composite?
False
Let y(t) = -3*t**3 - 5*t + 1. Let b be y(-4). Let f = b - 148. Is f composite?
True
Let d be (81/(-6))/((-2)/8). Is 493/9 + 12/d a prime number?
False
Suppose 2*c + 15 = -53. Let g = -11 - c. Is g prime?
True
Let j(n) = -n**3 + 12*n**2 - 12*n + 15. Suppose 2*t = -0*t - 5*i + 32, -63 = -5*t - 4*i. Let v be j(t). Suppose -v*h = -6 - 30. Is h a composite number?
True
Let f(a) be the third derivative of 7*a**4/24 + a**3/2 - 2*a**2. Let s be f(4). Let y = s - 12. Is y a composite number?
False
Suppose 2*c = 5*c. Suppose -2*m - 58 = x, c = 3*m + x - 47 + 136. Let f = m + 45. Is f prime?
False
Suppose -5*b + 5*a = -5023 - 2687, -7716 = -5*b - a. Is b a prime number?
True
Suppose -5*d = -7*d + 4886. Is d a prime number?
False
Let m(d) 